ne n(7).
138
Let s(i) = i**3 - 60*i**2 - 653*i + 7412. Determine s(68).
0
Let l(n) = 68*n + 1849. Calculate l(-27).
13
Let v(t) = -t**3 + 69*t**2 + 2043*t - 145866. Determine v(67).
-7
Let p(s) = -8529*s + 4690964. Give p(550).
14
Let q(t) = 1976*t + 519683. Give q(-263).
-5
Let m(j) = 2*j**3 + 200*j**2 + 17*j + 892. Give m(-100).
-808
Let q(z) = 7*z**2 + 4943*z + 14840. Calculate q(-3).
74
Let b(n) = n**3 - 116*n**2 - 25*n + 3176. What is b(116)?
276
Let r(z) = 196*z**3 - 3*z**2 + 338*z + 342. Calculate r(-1).
-195
Let u(b) = -5904*b**2 + 52835*b + 2703. Give u(9).
-6
Let o(b) = 2*b**3 + 28*b**2 - 20307*b + 189. Determine o(94).
-93
Let t(d) = -65*d + 7314. What is t(111)?
99
Let p(o) = -5934*o + 59391. Calculate p(10).
51
Let s(m) = 5292*m + 200922. Calculate s(-38).
-174
Let v(u) = 16521*u - 6691003. What is v(405)?
2
Let c(w) = 5*w**2 + 324*w + 4026. Calculate c(-48).
-6
Let x(y) = -45282*y - 177. Determine x(0).
-177
Let v(g) = 2*g**3 + 408*g**2 - 4*g - 653. Calculate v(-204).
163
Let z(n) = -16042*n + 5261732. Give z(328).
-44
Let l(b) = 2*b**3 - 15*b**2 + 5504*b - 44033. Determine l(8).
63
Let m(o) = -12*o**3 + 262*o**2 - 840*o + 80. Determine m(18).
-136
Let r(p) = -p**3 + 12*p**2 - 64*p - 70. Calculate r(0).
-70
Let s(c) = -13071*c + 157131. Calculate s(12).
279
Let z(t) = -t**2 - 167*t + 6609. Calculate z(33).
9
Let m(b) = 4*b**3 + 59*b**2 + 74*b + 1379. Calculate m(-15).
44
Let i(n) = -4*n**2 - 2530*n + 28273. What is i(11)?
-41
Let u(r) = -r**3 + 30*r**2 + 6*r + 1884. Give u(32).
28
Let o(w) = -239*w - 19160. What is o(-82)?
438
Let j(z) = -z**3 + 19*z**2 - 1598*z - 16611. What is j(-9)?
39
Let g(y) = -1162*y - 4591. Give g(-4).
57
Let r(u) = -884*u - 396145. What is r(-448)?
-113
Let t(k) = -108*k - 1732. Calculate t(-14).
-220
Let m(i) = i**2 + 47*i - 15706. Determine m(104).
-2
Let z(l) = 3*l**2 - 294*l - 4683. Give z(-14).
21
Let o(p) = 5293*p + 101040. Calculate o(-19).
473
Let n(c) = -c**3 + 245*c**2 - 1894*c - 475. What is n(237)?
-1
Let i(h) = -870*h + 173483. Determine i(201).
-1387
Let g(k) = 1040*k - 10396. Determine g(10).
4
Let r(g) = -3*g**2 - 241*g - 5300. Calculate r(-33).
-614
Let q(r) = r**3 + 124*r**2 + 134*r + 823. Calculate q(-123).
-530
Let i(c) = -2*c**2 - 177*c + 34588. Calculate i(-183).
1
Let r(b) = -65445*b - 1570675. Determine r(-24).
5
Let v(k) = -9570*k + 306273. Calculate v(32).
33
Let c(o) = o**3 - 20*o**2 + 394*o + 3231. What is c(-6)?
-69
Let k(u) = -204*u**2 + 715*u - 42. Calculate k(6).
-3096
Let k(i) = -i**2 - 442*i + 29017. What is k(58)?
17
Let q(u) = u**3 + 114*u**2 - 3979*u - 422. Determine q(-142).
4
Let r(o) = -4*o**2 - 2144*o - 37265. Calculate r(-518).
31
Let i(k) = 11*k**2 - 13*k - 419. Calculate i(6).
-101
Let a(r) = -17016*r - 833772. What is a(-49)?
12
Let u(m) = -51288*m - 102574. Calculate u(-2).
2
Let n(w) = 4380*w - 83229. Give n(19).
-9
Let w(a) = 290*a**2 + 16*a - 12. What is w(-1)?
262
Let j(n) = -n**3 - 2*n**2 + 28*n + 17. Calculate j(-5).
-48
Let l(n) = -3*n**3 + 625*n**2 - 185*n - 5110. Calculate l(208).
-326
Let j(t) = -738*t + 11956. What is j(16)?
148
Let j(b) = -4842*b + 174562. Give j(36).
250
Let n(r) = 2*r**2 + 706*r + 61189. Calculate n(-153).
-11
Let m(i) = i**3 - 6*i**2 - 21*i + 78. Calculate m(6).
-48
Let r(o) = 9725*o + 58781. Calculate r(-6).
431
Let g(a) = 16982*a + 49468. Give g(-3).
-1478
Let q(a) = -534*a - 7693. Calculate q(-13).
-751
Let c(x) = 19773*x - 80209. Give c(4).
-1117
Let b(n) = -n**2 - 1546*n - 497110. Calculate b(-456).
-70
Let b(p) = p**2 + 415*p - 36186. What is b(74)?
0
Let x(y) = 173*y**2 - 25743*y - 5065. Give x(149).
1
Let l(i) = -3*i**2 + 451*i - 15026. Give l(48).
-290
Let y(q) = 5065*q + 20274. Determine y(-4).
14
Let a(c) = -c**3 - 41*c**2 + 1148*c + 20778. What is a(-55)?
-12
Let t(p) = -1396*p + 3231. Calculate t(3).
-957
Let r(f) = 17*f - 914. What is r(61)?
123
Let n(u) = 7*u**3 + 392*u**2 + 1753*u + 122656. Calculate n(-57).
-8
Let k(d) = -26*d**2 - 791*d - 222. Determine k(-30).
108
Let r(v) = -267982*v - 535956. What is r(-2)?
8
Let k(l) = 165*l**2 + 137*l + 267. Determine k(-2).
653
Let d(w) = -1121*w - 606474. Calculate d(-541).
-13
Let n(r) = r**3 + 26*r**2 + 169*r + 7515. Calculate n(-29).
91
Let r(k) = -k**3 + 335*k**2 + 2725*k + 5881. Give r(343).
-636
Let o(w) = -69*w**2 - 1001*w + 1003. What is o(1)?
-67
Let h(f) = -2*f**3 + 46*f**2 - 164*f - 14. Calculate h(17).
666
Let y(i) = 12265*i - 515125. What is y(42)?
5
Let i(j) = -668*j - 16070. Calculate i(-25).
630
Let c(r) = -r**2 + 35609*r + 1318910. What is c(-37)?
8
Let a(g) = -18*g**2 + 66*g - 288. Give a(4).
-312
Let l(z) = -124*z + 1925. Give l(21).
-679
Let p(b) = 5*b**3 + 216*b**2 + 285*b + 10932. Calculate p(-43).
526
Let l(f) = -163*f - 8002. Give l(-45).
-667
Let u(o) = -917*o + 45448. What is u(49)?
515
Let i(x) = -13931*x**2 - 292552*x + 20. Calculate i(-21).
41
Let q(t) = -702428*t + 6321861. Determine q(9).
9
Let r(y) = 2*y**3 - 450*y**2 - 1842*y + 2687. What is r(229)?
397
Let b(m) = m**3 - 104*m**2 + 204*m + 5. Calculate b(2).
5
Let n(r) = r**3 - 18*r**2 - 558*r + 1158. Determine n(34).
682
Let n(c) = 14*c**3 + 814*c**2 + 101*c - 1095. Determine n(-58).
-225
Let i(j) = 54*j - 3031. What is i(44)?
-655
Let n(z) = -76*z - 5641. Give n(-62).
-929
Let u(j) = -2344*j + 157107. Calculate u(67).
59
Let r(z) = -33169*z - 2885722. Calculate r(-87).
-19
Let b(c) = 10*c**2 + 5257*c - 22787. Give b(-530).
3
Let d(u) = -9758*u - 58557. Determine d(-6).
-9
Let c(z) = -15*z**2 + 180*z - 383. Determine c(9).
22
Let c(w) = -640*w - 37682. Determine c(-59).
78
Let c(t) = -21971*t + 746994. Determine c(34).
-20
Let t(n) = -n**3 + 36*n**2 - 7*n - 219. Determine t(7).
1153
Let d(f) = -f**2 + 2885*f + 37664. What is d(-13)?
-10
Let y(c) = -1359*c + 911789. Give y(671).
-100
Let a(h) = -4*h**2 - 3220*h - 87018. Determine a(-28).
6
Let r(u) = -858*u**2 - 72091*u - 1595. Calculate r(-84).
1
Let a(m) = -3*m**3 - 2*m**2 - 3*m + 65. Calculate a(-9).
2117
Let f(n) = -6*n**3 - 37*n**2 + 97*n - 1. What is f(2)?
-3
Let k(x) = 1795*x - 213586. What is k(119)?
19
Let x(w) = 2*w**3 + 151*w**2 + 742*w + 7289. Give x(-71).
-24
Let v(h) = -h**2 - 344*h - 3967. Determine v(-12).
17
Let d(z) = 4*z**3 + 30*z**2 - 258*z - 3172. What is d(-12)?
-2668
Let q(r) = r**2 + 139*r + 4269. Determine q(-35).
629
Let x(q) = 5164*q - 4873. Give x(1).
291
Let o(y) = 285*y - 2156. Determine o(7).
-161
Let s(l) = 10*l**2 - 101*l - 2151. What is s(-11)?
170
Let n(q) = q**2 + 4729*q + 33039. Calculate n(-7).
-15
Let n(x) = x**3 + 178*x**2 + 2324*x + 4688. Determine n(-164).
96
Let w(y) = -y**3 + 69*y**2 - 503*y + 28. Calculate w(8).
-92
Let r(t) = -t**3 - 49*t**2 + 111*t - 257. Give r(-51).
-716
Let h(y) = 34*y**2 - 150*y - 55. Give h(9).
1349
Let o(g) = 99*g**2 - 8751*g + 17098. What is o(2)?
-8
Let a(t) = 10126*t - 243133. Give a(24).
-109
Let t(z) = -4*z**3 - 1439*z**2 + 32386*z + 384. What is t(-381)?
3
Let d(g) = -403*g**2 - 3255*g - 251. Calculate d(-8).
-3
Let x(g) = -408*g**2 + 1631*g + 16. Determine x(4).
12
Let s(x) = 970*x**2 + 42675*x + 32. What is s(-44)?
252
Let f(k) = -k**3 - 111*k**2 - 148*k - 4185. Give f(-110).
-5
Let i(j) = -j**3 - 181*j**2 - 930*j - 235. Calculate i(-5).
15
Let x(f) = -2557*f**2 - 3*f + 54. Calculate x(0).
54
Let s(c) = 968007*c + 968016. Determine s(-1).
9
Let y(m) = -4526*m + 343970. What is y(76)?
-6
Let y(c) = 23749*c - 1472543. Give y(62).
-105
Let b(t) = 2*t**2 - 28*t + 97. Give b(-23).
1799
Let h(s) = 1147*s - 4564. Calculate h(6).
2318
Let n(h) = -2*h**2 - 19*h + 158. Give n(6).
-28
Let m(u) = 67*u**2 - 5558*u + 70. Determine m(83).
319
Let k(s) = -43*s**3 - 3*s**2 - 940*s - 1886. Determine k(-2).
326
Let k(m) = -6114*m + 55196. What is k(9)?
170
Let v(x) = 3942*x**2 + 19702*x + 13. What is v(-5)?
53
Let j(s) = -3*s**3 + 57*s**2 + 229*s - 4370. What is j(19)?
-19
Let z(u) = 1900*u - 1063994. Calculate z(560).
6
Let q(t) = -t**2 + 5785*t - 143986. Give q(25).
14
Let h(n) = -4*n**2 + 138*n + 3682. Determine h(-17).
180
Let n(v) = 128446*v + 1156014. Calculate n(-9).
0
Let n(g) = -4554773*g + 13664323. What is n(3)?
4
Let r(v) = -16*v**2 + 740*v + 19237. Calculate r(65).
-263
Let d(k) = -6*k**3 - 1554*k**2 + 4675*k + 1. Give d(3).
-122
Let m(s) = s**3 - 50*s**2 - 96*s